t a(r) = -r**2 + 7*r + 1. Let d be a(6). Let z(b) = -2*b**2 - 4*b**2 + b**3 - 1 + 5 - 6*b. List the prime factors of z(d).
11
Suppose -t - h = -64, t + 3*h = 71 - 7. List the prime factors of t.
2
Let o(r) = 4*r + 2. Let l be o(-3). List the prime factors of 5/(l/(-4)) - -31.
3, 11
Let k = -88 + 149. Let z = -27 + k. Suppose -5*t - 7 = -b - 4*t, 4*b + 2*t = z. List the prime factors of b.
2
Suppose -7*z = -6*z - 12. List the prime factors of z.
2, 3
Let x(b) = 2*b + 5. Let g be (-14)/91 + 80/13. List the prime factors of x(g).
17
Let k = 348 + -240. Suppose -4*l + 2*w + k = -2*w, 0 = -l - 4*w + 7. List the prime factors of l.
23
Let v(q) = q**2 + 7*q + 5. What are the prime factors of v(-9)?
23
Let s = 122 + -7. What are the prime factors of s?
5, 23
Let w(z) = -6*z - 3. Suppose 2*n + n + 2*d + 12 = 0, 4*d - 12 = 0. What are the prime factors of w(n)?
3, 11
Let t be ((-18)/8)/(6/(-112)). Suppose 0*i = 3*i - t. List the prime factors of i.
2, 7
Let g be (-2)/5 + (-24)/(-10). Suppose q + g = 10. Suppose 4*b - q = 0, 0 = -2*d - b - b + 48. What are the prime factors of d?
2, 11
Let a = 2 - 0. Suppose 4*j = 5*o, a*j = 4*j + o. Suppose -4*u + 16 + j = -2*x, -3*x = 0. What are the prime factors of u?
2
Let s = 19 + 196. List the prime factors of s.
5, 43
Let f = -24 - -36. What are the prime factors of f?
2, 3
Suppose 3*g + 2*g - 60 = 0. Let u be (-10)/(-4)*g/10. Suppose -u = 3*z - 15. List the prime factors of z.
2
Suppose -5 = -3*c - w, 0 = -6*w + 2*w - 16. Let a(o) = -3 + 2*o - c*o**2 + 4*o + 2*o**2. What are the prime factors of a(5)?
2
Let m(v) = -v**3 - 3*v**2 - 3*v + 4. Let u be 1*(2 - -1*2). Let q(x) = x**2 - 6*x + 5. Let r be q(u). What are the prime factors of m(r)?
13
What are the prime factors of (-6)/(-2) + 1 + 11?
3, 5
Suppose -4*r = 2*k - 26, -5*r = -4*r + k - 8. Suppose 2*b = r*b - 105. Suppose -c - 4*c = -b. List the prime factors of c.
7
Let k(b) = -b**3 - 3*b**2 + 4*b - 1. Let g = -8 - -3. List the prime factors of k(g).
29
Suppose 6*w - 5*w = -4*i + 44, 4 = w. What are the prime factors of i?
2, 5
Suppose 2*u - 20 = -2*u. Suppose -u*n - 26 + 6 = 0. List the prime factors of (n/(-6))/((-10)/(-165)).
11
Let c = 171 + -23. List the prime factors of c.
2, 37
Let r(j) = j - 3. Let v be r(6). Suppose 0 = -v*p - 0*p. Suppose -21 = -p*a - 3*a. What are the prime factors of a?
7
Let s = 78 - -22. List the prime factors of s.
2, 5
Suppose b + 5*j - 28 = 0, 4*j + 20 = -5*b + 55. List the prime factors of (0 - b/(-9))*21.
7
Let f(n) = -n + 3. Suppose -l + 12 = 3*l. Suppose o + l*b + 10 = -11, o - 3*b = 9. List the prime factors of f(o).
3
Let g(b) = -42*b - 1. Let t be g(-1). Suppose 2*r + z + t = 3*r, -r - 2*z = -32. What are the prime factors of r?
2, 19
Suppose 3*o - 5 + 4 = -4*s, -4*s + 11 = o. Suppose -s*c + 5 = c. What are the prime factors of 4 - c/((-3)/(-3))?
3
Suppose m + 2*l - 22 = -2*l, 5*m - l - 5 = 0. What are the prime factors of m?
2
What are the prime factors of ((-2 - 0) + 1)*(-2 + -94)?
2, 3
Let h = -13 + 0. Let y = h - -53. List the prime factors of y.
2, 5
Let o be 1 + 18 + (-18)/(-6). Suppose -w - o = -2*w. List the prime factors of w.
2, 11
Let a(g) be the first derivative of -g**4/2 - 2*g**3 - 3*g**2/2 - 6*g + 5. List the prime factors of a(-4).
2, 19
Let w(d) = -47*d - 22. What are the prime factors of w(-5)?
3, 71
Let u = -3 - -5. Suppose -37 = -4*r + 3*k, -3*r + 18 = -u*k - 11. List the prime factors of r.
13
Let l = -75 + 126. List the prime factors of l.
3, 17
Let q(t) = -t**3 + 14*t**2 + 16*t - 1. What are the prime factors of q(15)?
2, 7
Let l be ((-16)/4)/(-4) + 1. Suppose 4*x = l*z - 16, z + 2*z + 4*x - 44 = 0. What are the prime factors of z?
2, 3
Let r be (-2)/(-11) + 126/33. Let u = r + 15. List the prime factors of u.
19
Let s be 8/5 - 4/(-10). Suppose -s*l + 1 = -9. Suppose -31 = -l*c - 1. What are the prime factors of c?
2, 3
Suppose -5*z + 1056 + 889 = 0. What are the prime factors of z?
389
Suppose 2*w + w + 9 = 0. Let h = 0 + w. Let c = 5 + h. List the prime factors of c.
2
Suppose -2*z = -4*p + 90, -4*z - 26 = -4*p + 58. List the prime factors of p.
2, 3
Let r be 1/((-1)/(-2)*1). Suppose 9 = r*s - 17. What are the prime factors of s?
13
Let b(i) = -9 - 6*i + 0*i + 3*i. Let n be b(-6). List the prime factors of (2 + 1 + -2)*n.
3
Let a(f) = 4*f - 1. Let s be a(1). Suppose -s*x = -3*j + 36, 2*j + 5*x + 0 = -11. Let o(q) = -q**3 + 6*q**2 + 7*q + 6. What are the prime factors of o(j)?
2, 3
Suppose 142 = 3*q + 4*p, -1 = -p - 0. What are the prime factors of q?
2, 23
Suppose f + 2 = -1, 195 = 5*x + 5*f. What are the prime factors of x?
2, 3, 7
Suppose -28 = 5*v - 348. List the prime factors of v.
2
Let b = 5 - 3. Suppose b*f - 2 = 0, -f = -4*x - 0*f + 7. Suppose -m + 30 = x*m. List the prime factors of m.
2, 5
Suppose -x + 28 + 15 = 2*r, -68 = -2*x + 5*r. List the prime factors of x.
3, 13
Suppose 0 = -5*j - 16 - 59. Let z(l) = -3*l. Let b be z(-2). List the prime factors of b*(j/(-6) - 0).
3, 5
Suppose 0 = -j - 2*j + 4*i - 13, 4*j = -4*i + 20. Let b = 3 + 3. Let h = b + j. What are the prime factors of h?
7
Let z be 8/(-12) + 62/3. Suppose -o = 5*i - 108, 0*i + z = i + o. List the prime factors of i.
2, 11
Let w(c) be the first derivative of c**4/4 - 4*c**3/3 - 5*c**2/2 + 4*c - 1. Let o be w(5). Suppose -o*s + 18 = -6. List the prime factors of s.
2, 3
Let s = 99 - 205. Let m = s + 203. Suppose -5*y - 2 = -m. List the prime factors of y.
19
Let h(o) = -o**3 + 5*o**2 - o + 3. Let w be h(6). Let m = -17 - w. List the prime factors of m.
2, 11
Let c(d) be the second derivative of d**5/60 - d**4/3 + 2*d**3/3 - d**2 - d. Let u(b) be the first derivative of c(b). List the prime factors of u(8).
2
Let h = 15 + -3. Suppose -3*a - 3*j + 18 = 0, 0*a - 2*a = -4*j. Suppose -3*r + 5*i + 15 = 2*r, -r + a*i - h = 0. List the prime factors of r.
2
Let h = 63 - -116. What are the prime factors of h?
179
Suppose 0 = -c + 6*c + u + 14, -3*u + 3 = 0. List the prime factors of 4 + (c - 0)*-1.
7
Let y(d) = -13*d + 2. List the prime factors of y(-2).
2, 7
Let d(q) = -q - 2. Let m be d(-2). Suppose -2*z - 3*g + 19 = -m*z, 0 = 5*z + 5*g - 40. What are the prime factors of z?
5
Let q(a) = -a**2 - 5*a. Let j be q(-4). Suppose 3*o - j*o + 2 = 0. Suppose 8 = -4*g + 2*h + 74, -24 = -o*g + 4*h. List the prime factors of g.
2, 3
Suppose d + 2*d - 171 = 0. Suppose 41 = -3*v - 5*z, 6*v - v + d = 3*z. Let u = 23 + v. What are the prime factors of u?
11
Suppose -s + 0*s - 5 = 4*b, -b = -4*s - 20. Let d(f) = -f**3 + f**2 - f + 25. What are the prime factors of d(b)?
5
Suppose w = -4*w + 30. Suppose 4*z - w = 2*z. Suppose -s - z*s + 28 = 0. What are the prime factors of s?
7
Let k = 135 + -77. What are the prime factors of k?
2, 29
Let s = 12 + 10. Let d be 15/(-20) - s/(-8). Suppose -3*w + 2*c - 8 = -66, -d*w = 2*c - 32. List the prime factors of w.
2, 3
Suppose u + 45 = 136. What are the prime factors of u?
7, 13
Suppose 2*o - 2*u - 4 = 0, -4*u = o + o - 4. List the prime factors of o.
2
Suppose 5*j = -o + 6*o - 15, -9 = -3*o - 5*j. Suppose 0*w + w = o*z, 5*w + 4*z = 38. What are the prime factors of w?
2, 3
Let w = -23 + 203. What are the prime factors of w/70*(1 - -6)?
2, 3
Suppose -2*j + 8 = h, -4*h = 4*j - 5*h - 4. Suppose -2 + 12 = j*m. List the prime factors of (-1)/(((-5)/12)/m).
2, 3
Suppose u - 4 + 0 = 0. Let f = u + 2. List the prime factors of f.
2, 3
Let v(s) = s**2 + 2*s + 2. What are the prime factors of v(0)?
2
Let j(p) = -p + 2. Let b(a) = 20*a**2 - a - 1. Let x be b(-1). Suppose 4*w + 20 = -4*l - l, l - x = 4*w. What are the prime factors of j(l)?
2
List the prime factors of 1*-316*(0 - 1).
2, 79
Suppose o - 4*o = -6. Suppose 5*d + b - 34 = o*d, 4*b = 4. What are the prime factors of d?
11
Suppose -5*z = -0*z + 10. Let c be (z - -2)/(-3 - -1). Suppose c*a + 15 = 3*a. List the prime factors of a.
5
Suppose 66 = -2*m + 5*m. Let l = m + -15. List the prime factors of l.
7
Let h be 316/44 - 2/11. Suppose x - 16 = -f, -3*x = h*f - 2*f - 50. What are the prime factors of x?
3, 5
List the prime factors of 3*14/(-3)*-4.
2, 7
Let i be -3 - (-9)/3 - 15. Let h = i - -33. List the prime factors of h.
2, 3
List the prime factors of (4 - 1) + (2 - 3).
2
Suppose -4*r + 23 = -213. What are the prime factors of r?
59
Suppose 12*m - 9*m